{"id":361,"date":"2019-12-26T17:46:07","date_gmt":"2019-12-26T17:46:07","guid":{"rendered":"https:\/\/ficcion.mx\/luxurywatch\/?post_type=product&#038;p=361"},"modified":"2020-01-10T17:56:46","modified_gmt":"2020-01-10T17:56:46","slug":"mk3178","status":"publish","type":"product","link":"https:\/\/ficcion.mx\/luxurywatch\/producto\/mk3178\/","title":{"rendered":"MK3178"},"content":{"rendered":"<p>Marca:\u00a0MICHAEL KORS<br \/>\nColor: Plata<br \/>\nColor de la Car\u00e1tula:\u00a0Plata<br \/>\nColor extensible\/varilla:\u00a0Plata<br \/>\nCristal reloj:\u00a0Mineral<br \/>\nFamilia o Colecci\u00f3n:\u00a0Slim Runway<br \/>\nTipo de reloj:\u00a0Reloj moda<\/p>\n","protected":false},"excerpt":{"rendered":"<p>G\u00e9nero:\u00a0Dama<br \/>\nFuncionamiento:\u00a0An\u00e1logo<br \/>\nBisel:\u00a0Acero<br \/>\nFijaci\u00f3n:\u00a0Mariposa<br \/>\nCaracter\u00edsticas:\u00a0Reloj con movimiento de cuarzo<br \/>\nGarant\u00eda:\u00a02 a\u00f1os directamente con el proveedor<br \/>\nOtra Informaci\u00f3n:\u00a0Limpiar con un pa\u00f1o suave o l\u00edquido especial para relojer\u00eda<br \/>\nMaterial del extensible:\u00a0Acero<br \/>\nResistencia al agua:\u00a050 m<\/p>\n","protected":false},"featured_media":359,"template":"","meta":[],"product_cat":[24],"product_tag":[39],"class_list":{"0":"post-361","1":"product","2":"type-product","3":"status-publish","4":"has-post-thumbnail","6":"product_cat-michael-kors","7":"product_tag-dama","9":"first","10":"instock","11":"sale","12":"shipping-taxable","13":"purchasable","14":"product-type-simple"},"_links":{"self":[{"href":"https:\/\/ficcion.mx\/luxurywatch\/wp-json\/wp\/v2\/product\/361","targetHints":{"allow":["GET"]}}],"collection":[{"href":"https:\/\/ficcion.mx\/luxurywatch\/wp-json\/wp\/v2\/product"}],"about":[{"href":"https:\/\/ficcion.mx\/luxurywatch\/wp-json\/wp\/v2\/types\/product"}],"wp:featuredmedia":[{"embeddable":true,"href":"https:\/\/ficcion.mx\/luxurywatch\/wp-json\/wp\/v2\/media\/359"}],"wp:attachment":[{"href":"https:\/\/ficcion.mx\/luxurywatch\/wp-json\/wp\/v2\/media?parent=361"}],"wp:term":[{"taxonomy":"product_cat","embeddable":true,"href":"https:\/\/ficcion.mx\/luxurywatch\/wp-json\/wp\/v2\/product_cat?post=361"},{"taxonomy":"product_tag","embeddable":true,"href":"https:\/\/ficcion.mx\/luxurywatch\/wp-json\/wp\/v2\/product_tag?post=361"}],"curies":[{"name":"wp","href":"https:\/\/api.w.org\/{rel}","templated":true}]}}