{"id":583,"date":"2020-01-10T20:37:42","date_gmt":"2020-01-10T20:37:42","guid":{"rendered":"https:\/\/ficcion.mx\/luxurywatch\/?post_type=product&#038;p=583"},"modified":"2020-01-10T20:42:47","modified_gmt":"2020-01-10T20:42:47","slug":"nad15523g","status":"publish","type":"product","link":"https:\/\/ficcion.mx\/luxurywatch\/producto\/nad15523g\/","title":{"rendered":"NAD15523G"},"content":{"rendered":"<p>G\u00e9nero: Caballero<br \/>\nModelo: NAD15523G<br \/>\nForma del producto: Redondo<br \/>\nBisel: Acero inoxidable<br \/>\nCorrea: De piel genuina, longitud promedio de hombre, 20 mil\u00edmetros de<br \/>\nanchura, color azul<br \/>\nMovimiento: Cuarzo<br \/>\nCaja: Acero Inoxidable, di\u00e1metro de 44 mil\u00edmetros, grosor de 13 mil\u00edmetros<\/p>\n","protected":false},"excerpt":{"rendered":"<p>Tipo de cristal del dial: Mineral<br \/>\nVisualizaci\u00f3n: Anal\u00f3gico<br \/>\nTipo de cierre: Correa desplegable con Hebilla<br \/>\nResistencia al Agua: 100 m<br \/>\nPeso: 77g<br \/>\nColor del dial: Azul<\/p>\n","protected":false},"featured_media":586,"template":"","meta":[],"product_cat":[61],"product_tag":[38],"class_list":{"0":"post-583","1":"product","2":"type-product","3":"status-publish","4":"has-post-thumbnail","6":"product_cat-nautica","7":"product_tag-caballero","9":"first","10":"instock","11":"sale","12":"shipping-taxable","13":"purchasable","14":"product-type-simple"},"_links":{"self":[{"href":"https:\/\/ficcion.mx\/luxurywatch\/wp-json\/wp\/v2\/product\/583","targetHints":{"allow":["GET"]}}],"collection":[{"href":"https:\/\/ficcion.mx\/luxurywatch\/wp-json\/wp\/v2\/product"}],"about":[{"href":"https:\/\/ficcion.mx\/luxurywatch\/wp-json\/wp\/v2\/types\/product"}],"wp:featuredmedia":[{"embeddable":true,"href":"https:\/\/ficcion.mx\/luxurywatch\/wp-json\/wp\/v2\/media\/586"}],"wp:attachment":[{"href":"https:\/\/ficcion.mx\/luxurywatch\/wp-json\/wp\/v2\/media?parent=583"}],"wp:term":[{"taxonomy":"product_cat","embeddable":true,"href":"https:\/\/ficcion.mx\/luxurywatch\/wp-json\/wp\/v2\/product_cat?post=583"},{"taxonomy":"product_tag","embeddable":true,"href":"https:\/\/ficcion.mx\/luxurywatch\/wp-json\/wp\/v2\/product_tag?post=583"}],"curies":[{"name":"wp","href":"https:\/\/api.w.org\/{rel}","templated":true}]}}