{"id":590,"date":"2020-01-10T20:50:35","date_gmt":"2020-01-10T20:50:35","guid":{"rendered":"https:\/\/ficcion.mx\/luxurywatch\/?post_type=product&#038;p=590"},"modified":"2020-01-10T20:53:45","modified_gmt":"2020-01-10T20:53:45","slug":"98a147","status":"publish","type":"product","link":"https:\/\/ficcion.mx\/luxurywatch\/producto\/98a147\/","title":{"rendered":"98A147"},"content":{"rendered":"<p>G\u00e9nero: Caballero<br \/>\nModelo: 98A147<br \/>\nForma del producto: Redondo<br \/>\nBisel: Acero inoxidable<br \/>\nFunci\u00f3n del Bisel: Inm\u00f3vil<br \/>\nCorrea: De acero inoxidable, longitud promedio de hombre, 23 mil\u00edmetros de<br \/>\nanchura, color negro<br \/>\nMovimiento: Cuarzo<br \/>\nCaja: Material PVD Negro, di\u00e1metro de 43 mil\u00edmetros, grosor de 11.8 mil\u00edmetros<br \/>\nTipo de garant\u00eda: Fabricante<\/p>\n","protected":false},"excerpt":{"rendered":"<p>Tipo de cristal del dial: Mineral<br \/>\nVisualizaci\u00f3n: Anal\u00f3gico<br \/>\nTipo de cierre: Cierre a presi\u00f3n con desbloqueo doble por botones con seguro<br \/>\nResistencia al Agua: 30 m<br \/>\nPeso: 290g<br \/>\nColor del dial: negro<\/p>\n","protected":false},"featured_media":318,"template":"","meta":[],"product_cat":[25],"product_tag":[38],"class_list":{"0":"post-590","1":"product","2":"type-product","3":"status-publish","4":"has-post-thumbnail","6":"product_cat-bulova","7":"product_tag-caballero","9":"first","10":"instock","11":"sale","12":"shipping-taxable","13":"purchasable","14":"product-type-simple"},"_links":{"self":[{"href":"https:\/\/ficcion.mx\/luxurywatch\/wp-json\/wp\/v2\/product\/590","targetHints":{"allow":["GET"]}}],"collection":[{"href":"https:\/\/ficcion.mx\/luxurywatch\/wp-json\/wp\/v2\/product"}],"about":[{"href":"https:\/\/ficcion.mx\/luxurywatch\/wp-json\/wp\/v2\/types\/product"}],"wp:featuredmedia":[{"embeddable":true,"href":"https:\/\/ficcion.mx\/luxurywatch\/wp-json\/wp\/v2\/media\/318"}],"wp:attachment":[{"href":"https:\/\/ficcion.mx\/luxurywatch\/wp-json\/wp\/v2\/media?parent=590"}],"wp:term":[{"taxonomy":"product_cat","embeddable":true,"href":"https:\/\/ficcion.mx\/luxurywatch\/wp-json\/wp\/v2\/product_cat?post=590"},{"taxonomy":"product_tag","embeddable":true,"href":"https:\/\/ficcion.mx\/luxurywatch\/wp-json\/wp\/v2\/product_tag?post=590"}],"curies":[{"name":"wp","href":"https:\/\/api.w.org\/{rel}","templated":true}]}}