{"id":596,"date":"2020-01-10T20:59:46","date_gmt":"2020-01-10T20:59:46","guid":{"rendered":"https:\/\/ficcion.mx\/luxurywatch\/?post_type=product&#038;p=596"},"modified":"2020-01-10T21:04:33","modified_gmt":"2020-01-10T21:04:33","slug":"96a187","status":"publish","type":"product","link":"https:\/\/ficcion.mx\/luxurywatch\/producto\/96a187\/","title":{"rendered":"96A187"},"content":{"rendered":"<p>G\u00e9nero: Caballero<br \/>\nModelo: 96A187<br \/>\nForma del producto: Redondo<br \/>\nCorrea: De acero inoxidable, longitud promedio de hombre, 22 mil\u00edmetros de<br \/>\nanchura, color plata<br \/>\nMovimiento: Mec\u00e1nico de cuerda manual<br \/>\nCaja: Acero inoxidable, di\u00e1metro de 43 mil\u00edmetros, grosor de 12 mil\u00edmetros<\/p>\n","protected":false},"excerpt":{"rendered":"<p>Tipo de cristal del dial: Mineral<br \/>\nVisualizaci\u00f3n: Anal\u00f3gico<br \/>\nTipo de cierre: Broche desplegable con bot\u00f3n<br \/>\nResistencia al Agua: 30 m<br \/>\nPeso: 180g<br \/>\nBisel: Acero inoxidable<br \/>\nFunci\u00f3n del Bisel: Inm\u00f3vil<br \/>\nColor del dial: Blanco<\/p>\n","protected":false},"featured_media":599,"template":"","meta":[],"product_cat":[25],"product_tag":[38],"class_list":{"0":"post-596","1":"product","2":"type-product","3":"status-publish","4":"has-post-thumbnail","6":"product_cat-bulova","7":"product_tag-caballero","9":"first","10":"instock","11":"sale","12":"shipping-taxable","13":"purchasable","14":"product-type-simple"},"_links":{"self":[{"href":"https:\/\/ficcion.mx\/luxurywatch\/wp-json\/wp\/v2\/product\/596","targetHints":{"allow":["GET"]}}],"collection":[{"href":"https:\/\/ficcion.mx\/luxurywatch\/wp-json\/wp\/v2\/product"}],"about":[{"href":"https:\/\/ficcion.mx\/luxurywatch\/wp-json\/wp\/v2\/types\/product"}],"wp:featuredmedia":[{"embeddable":true,"href":"https:\/\/ficcion.mx\/luxurywatch\/wp-json\/wp\/v2\/media\/599"}],"wp:attachment":[{"href":"https:\/\/ficcion.mx\/luxurywatch\/wp-json\/wp\/v2\/media?parent=596"}],"wp:term":[{"taxonomy":"product_cat","embeddable":true,"href":"https:\/\/ficcion.mx\/luxurywatch\/wp-json\/wp\/v2\/product_cat?post=596"},{"taxonomy":"product_tag","embeddable":true,"href":"https:\/\/ficcion.mx\/luxurywatch\/wp-json\/wp\/v2\/product_tag?post=596"}],"curies":[{"name":"wp","href":"https:\/\/api.w.org\/{rel}","templated":true}]}}